2, 107
What are the prime factors of 1318?
2, 659
List the prime factors of 28559.
28559
List the prime factors of 1821.
3, 607
List the prime factors of 4040.
2, 5, 101
What are the prime factors of 17516?
2, 29, 151
What are the prime factors of 5007?
3, 1669
List the prime factors of 34382.
2, 17191
What are the prime factors of 23782?
2, 11, 23, 47
List the prime factors of 86366.
2, 7, 31, 199
List the prime factors of 20683.
13, 37, 43
What are the prime factors of 6058?
2, 13, 233
What are the prime factors of 472?
2, 59
What are the prime factors of 5217?
3, 37, 47
List the prime factors of 6356.
2, 7, 227
What are the prime factors of 75308?
2, 67, 281
List the prime factors of 461.
461
List the prime factors of 37642.
2, 11, 29, 59
What are the prime factors of 1451?
1451
What are the prime factors of 21485?
5, 4297
What are the prime factors of 3304?
2, 7, 59
List the prime factors of 10832.
2, 677
List the prime factors of 6299.
6299
List the prime factors of 24982.
2, 12491
What are the prime factors of 68?
2, 17
What are the prime factors of 6571?
6571
What are the prime factors of 372?
2, 3, 31
What are the prime factors of 14724?
2, 3, 409
List the prime factors of 15820.
2, 5, 7, 113
What are the prime factors of 32488?
2, 31, 131
List the prime factors of 588.
2, 3, 7
What are the prime factors of 21142?
2, 11, 31
What are the prime factors of 48670?
2, 5, 31, 157
What are the prime factors of 132875?
5, 1063
What are the prime factors of 34854?
2, 3, 37, 157
List the prime factors of 24998.
2, 29, 431
What are the prime factors of 1344?
2, 3, 7
List the prime factors of 3342.
2, 3, 557
List the prime factors of 32910.
2, 3, 5, 1097
What are the prime factors of 1811?
1811
What are the prime factors of 246?
2, 3, 41
List the prime factors of 3020.
2, 5, 151
What are the prime factors of 7042?
2, 7, 503
List the prime factors of 5088.
2, 3, 53
What are the prime factors of 19959?
3, 6653
What are the prime factors of 21248?
2, 83
List the prime factors of 3020.
2, 5, 151
What are the prime factors of 19113?
3, 23, 277
List the prime factors of 752.
2, 47
List the prime factors of 939.
3, 313
List the prime factors of 929.
929
What are the prime factors of 2574?
2, 3, 11, 13
List the prime factors of 42307.
42307
List the prime factors of 906.
2, 3, 151
What are the prime factors of 144479?
144479
List the prime factors of 203.
7, 29
What are the prime factors of 440?
2, 5, 11
List the prime factors of 5989.
53, 113
List the prime factors of 16952.
2, 13, 163
What are the prime factors of 3535?
5, 7, 101
What are the prime factors of 873?
3, 97
What are the prime factors of 18037?
17, 1061
What are the prime factors of 4845?
3, 5, 17, 19
What are the prime factors of 43933?
43933
What are the prime factors of 15542?
2, 19, 409
What are the prime factors of 9692?
2, 2423
What are the prime factors of 8512?
2, 7, 19
List the prime factors of 3772.
2, 23, 41
What are the prime factors of 44858?
2, 11, 2039
List the prime factors of 839.
839
What are the prime factors of 837?
3, 31
What are the prime factors of 43?
43
What are the prime factors of 10357?
10357
What are the prime factors of 34385?
5, 13, 23
List the prime factors of 9818.
2, 4909
What are the prime factors of 601?
601
List the prime factors of 72137.
13, 31, 179
What are the prime factors of 17288?
2, 2161
List the prime factors of 88673.
13, 19, 359
List the prime factors of 3320.
2, 5, 83
What are the prime factors of 141648?
2, 3, 13, 227
List the prime factors of 40258.
2, 20129
List the prime factors of 1487.
1487
List the prime factors of 46774.
2, 7, 13, 257
What are the prime factors of 841?
29
What are the prime factors of 6493?
43, 151
List the prime factors of 27927.
3, 29, 107
List the prime factors of 2229.
3, 743
List the prime factors of 1082.
2, 541
List the prime factors of 2263.
31, 73
List the prime factors of 68073.
3, 22691
What are the prime factors of 56509?
56509
What are the prime factors of 40674?
2, 3, 6779
List the prime factors of 3466.
2, 1733
What are the prime factors of 9179?
67, 137
List the prime factors of 882.
2, 3, 7
What are the prime factors of 35331?
3, 11777
What are the prime factors of 8403?
3, 2801
List the prime factors of 3245.
5, 11, 59
What are the prime factors of 4207?
7, 601
What are the prime factors of 12630?
2, 3, 5, 421
What are the prime factors of 433?
433
What are the prime factors of 1079?
13, 83
What are the prime factors of 441?
3, 7
What are the prime factors of 22730?
2, 5, 2273
What are the prime factors of 4085?
5, 19, 43
List the prime factors of 27882.
2, 3, 1549
What are the prime factors of 3609?
3, 401
List the prime factors of 137792.
2, 2153
What are the prime factors of 5496?
2, 3, 229
What are the prime factors of 37836?
2, 3, 1051
What are the prime factors of 15352?
2, 19, 101
What are the prime factors of 47828?
2, 11, 1087
What are the prime factors of 2060?
2, 5, 103
What are the prime factors of 5472?
2, 3, 19
List the prime factors of 1453.
1453
List the prime factors of 2040.
2, 3, 5, 17
List the prime factors of 512.
2
List the prime factors of 7802.
2, 47, 83
List the prime factors of 10208.
2, 11, 29
What are the prime factors of 2875?
5, 23
What are the prime factors of 1852?
2, 463
What are the prime factors of 20972?
2, 7, 107
List the prime factors of 32050.
2, 5, 641
What are the prime factors of 15079?
17, 887
List the prime factors of 22537.
31, 727
What are the prime factors of 117273?
3, 13, 31, 97
List the prime factors of 66628.
2, 16657
List the prime factors of 3368.
2, 421
List the prime factors of 771.
3, 257
What are the prime factors of 3418?
2, 1709
List the prime factors of 3635.
5, 727
List the prime factors of 3340.
2, 5, 167
What are the prime factors of 19670?
2, 5, 7, 281
What are the prime factors of 4981?
17, 293
What are the prime factors of 2508?
2, 3, 11, 19
List the prime factors of 2282.
2, 7, 163
List the prime factors of 36960.
2, 3, 5, 7, 11
List the prime factors of 1042.
2, 521
What are the prime factors of 24170?
2, 5, 2417
List the prime factors of 3937.
31, 127
What are the prime factors of 736?
2, 23
What are the prime factors of 773?
773
What are the prime factors of 14806?
2, 11, 673
What are the prime factors of 1491?
3, 7, 71
List the prime factors of 553.
7, 79
List the prime factors of 1085.
5, 7, 31
List the prime factors of 49357.
7, 11, 641
What are the prime factors of 21114?
2, 3, 17, 23
List the prime factors of 6280.
2, 5, 157
List the prime factors of 67092.
2, 3, 5591
List the prime factors of 1027.
13, 79
What are the prime factors of 2906?
2, 1453
What are the prime factors of 1369?
37
What are the prime factors of 27372?
2, 3, 2281
What are the prime factors of 3475?
5, 139
List the prime factors of 7406.
2, 7, 23
List the prime factors of 1026.
2, 3, 19
What are the prime factors of 8306?
2, 4153
What are the prime factors of 4018?
2, 7, 41
What are the prime factors of 2125?
5, 17
List the prime factors of 27849.
3, 9283
What are the prime factors of 10876?
2, 2719
What are the prime factors of 190990?
2, 5, 71, 269
List the prime factors of 9550.
2, 5, 191
List the prime factors of 139593.
3, 19, 31, 79
What are the prime factors of 831?
3, 277
List the prime factors of 271.
271
What are the prime factors of 1290?
2, 3, 5, 43
List the prime factors of 6846.
2, 3, 7, 163
List the prime factors of 1381.
1381
List the prime factors of 245.
5, 7
List the prime factors of 1478.
2, 739
List the prime factors of 4915.
5, 983
What are the prime factors of 27346?
2, 11, 113
What are the prime factors of 1099?
7, 157
List the prime factors of 2138.
2, 1069
List the prime factors of 644.
2, 7, 23
What are the prime factors of 10935?
3, 5
List the prime factors of 3731.
7, 13, 41
List the prime factors of 2362.
2, 1181
What are the prime factors of 2939?
2939
What are the prime factors of 15910?
2, 5, 37, 43
List the prime factors of 24033.
3, 8011
List the prime factors of 19141.
19141
List the prime factors of 12671.
12671
List the prime factors of 4287.
3, 1429
List the prime factors of 1378.
2, 13, 53
List the prime factors of 7969.
13, 613
List the prime factors of 30663.
3, 3407
What are the prime factors of 9140?
2, 5, 45